-16*p - 27. Is o(-13) composite?
False
Suppose 0 = -6*m + 10*m - 212. Is m prime?
True
Let a be 0 - -5 - 1 - -2. Suppose -s + v = 0, a*v = -5*s + 4*v + 28. Let o = s - -43. Is o a prime number?
True
Let a = 2 + 2. Suppose -60 = -a*n - t, 0 = 3*n - n - 3*t - 16. Is n a composite number?
True
Is 2/2*13*1655/5 prime?
False
Let r(y) = y**3 - 10*y**2 + 10*y - 6. Let q be r(9). Suppose -3*u = -6, j + j - 3*u = -6. Suppose j = -q*v - 0*v + 195. Is v a composite number?
True
Let y = 2 + 0. Let k be y/((-4)/(-14)*-1). Let a = 10 + k. Is a a prime number?
True
Let n = -4 - -9. Suppose 0*d = n*d - 55. Suppose 36 = x + 3*k, -x + k + 27 = d. Is x composite?
True
Let m = 3 + -6. Let j(k) = -k + 2. Let u be j(m). Suppose 0 = -5*c - 0*c + 25, 2*q - u*c = 273. Is q a prime number?
True
Let h = -1418 + 548. Let s = 1301 + h. Is s composite?
False
Is 4614/2*(-2 - -3) composite?
True
Let c = -5 + 6. Suppose 2 = j - c. Suppose j*t = -t - 3*y + 1991, t - 3*y - 494 = 0. Is t composite?
True
Let i = 457 - 240. Is i composite?
True
Suppose 0 = 5*l + 5*p + 45, 0 = -l + 5*p - 2 - 1. Let f = l + 19. Is f prime?
True
Suppose -26 = 5*u - 11, -4*z - 20 = 4*u. Let m be z/(-1) - -1 - 4. Is (4/(-8))/(m/118) a prime number?
True
Suppose 0 = w - 45 - 652. Let n = w + -460. Is n composite?
True
Let m(y) = -2*y**2 + 7*y + 2. Suppose 3*p = 3 + 12. Let z be m(p). Is 2 - 1*(z - -1) composite?
True
Let w(l) = 1 + 0 + 10 + 37*l**2 - l. Is w(6) a prime number?
False
Let y(d) = -4*d + 1919. Is y(0) a prime number?
False
Suppose 5*h + 0*h = -10. Let u be h/(-3) + 13/3. Suppose 2*f = 41 + u. Is f a prime number?
True
Let c = -14 - -6. Let z(m) = -7 - 7*m**2 + 23*m**3 - 3*m - 24*m**3 - 4*m. Is z(c) a composite number?
False
Suppose -2*w + 2*j = -2*j - 152, 4*w + 4*j - 328 = 0. Let g = -1 + w. Is g a composite number?
False
Is 66 + 1 - (1 - 1/1) a composite number?
False
Suppose 0 = i + 2*x - 333 - 580, 2736 = 3*i + 5*x. Is i prime?
True
Let x be (-137)/5 - (-10)/25. Suppose -j - 2 = -0. Let b = j - x. Is b prime?
False
Suppose 5*q - 1195 = v, -3*q - 260 = -4*q - 4*v. Suppose -15 = -5*g + q. Is g composite?
True
Suppose 0 = 4*c - 594 - 890. Is c composite?
True
Let k(l) = 24*l**2 + 7*l - 6. Let a(w) = -47*w**2 - 15*w + 13. Let m(j) = 3*a(j) + 7*k(j). Is m(2) a prime number?
True
Let l = -90 + 127. Is l a composite number?
False
Let f(c) = 13*c - 4. Let r = 18 + -15. Is f(r) prime?
False
Let s(v) = v**2 - v - 4. Let f be s(3). Let a be (1 - -1) + (0 - 6). Is (f + a + -92)/(-2) composite?
False
Suppose -2*c - 6*g = -11*g - 1486, -1486 = -2*c - 2*g. Is c prime?
True
Let n = 1143 - 76. Is n composite?
True
Suppose -o - 236 = -3*o. Is o a composite number?
True
Suppose 5*d + 0 - 50 = 0. Let y(w) = 2*w - 11. Let p(n) = n - 5. Let m(v) = 5*p(v) - 2*y(v). Is m(d) a prime number?
True
Suppose 0 = -d + 3*z + 96, -5 + 0 = -5*z. Let t = -52 + d. Is t a composite number?
False
Let b be (10/8)/((-4)/16). Let l(v) = v**2 + 5*v + 3. Let k be l(b). Is ((-7)/k - -2)*-177 composite?
False
Let j = -14 - -13. Let u(z) = 339*z**2 - 2*z - 2. Is u(j) composite?
True
Let k(x) = x**3 - 2*x**2 - 6*x - 2. Let f be k(6). Suppose -63 = -3*a + 3*w, 0*a - 5*a + f = -4*w. Is a a prime number?
False
Suppose g - 2*g = 0. Suppose g*u = 2*u + y + 366, 4*u - 2*y + 740 = 0. Let a = -105 - u. Is a a composite number?
False
Let l be 297 - 2*(-1 + -1). Suppose 5*k + l = 2*s, -3*s = -s - 4*k - 306. Is s a composite number?
False
Let t = -81 - -196. Is t prime?
False
Suppose 4 = t + t. Is (-773)/(-3) + t/(-3) a prime number?
True
Suppose 2*s = -2*s + 124. Is s a composite number?
False
Let b be 15/(-4) + 1/(-4). Let z = b - -6. Is z prime?
True
Let p(w) = -36*w**3 + w**2 - 2*w. Let k be p(-2). Let l = -196 - -373. Let j = k - l. Is j a composite number?
True
Suppose 7 = -3*m - 5. Let h(d) = -7*d + 5. Is h(m) composite?
True
Let o = 6428 - 4057. Is o a prime number?
True
Suppose -3*u + 42 = -m - 51, -62 = -2*u - 4*m. Is u prime?
True
Suppose 3*i = -3, -19 = -3*f - 4*i - 8. Suppose 3*l + 5*z = -32, -f*z = 5*l + 3 + 37. Is l*(87/(-6) - -3) a composite number?
True
Let w(k) = k**3 + k**2 - k + 3. Let l(z) = z**2 - 9*z + 8. Let a be l(8). Let d be w(a). Is (-2)/(-1) - (-50 + d) a prime number?
False
Let j be -20 - (-9)/(-6)*-2. Let n = -10 - j. Is n prime?
True
Let k be ((-4)/3)/(20/2130). Suppose -2*b = -b - 5*n + 227, 0 = 4*b - 3*n + 942. Let v = k - b. Is v prime?
False
Let i(w) = w**3 - 7*w**2 - 40*w - 7. Is i(16) prime?
True
Let z(x) = 37*x + 39. Is z(14) a composite number?
False
Let p be (-5)/((-2)/(-12)*-3). Let s = 11 + p. Is s composite?
True
Let y(f) = -f**2 + 11*f - 10. Let q be y(9). Let g(v) = 4*v**2 - v + 1. Let n(t) = -7*t**2 + 3*t - 2. Let c(w) = -5*g(w) - 3*n(w). Is c(q) a composite number?
True
Suppose 0*u + 3 = 3*u. Suppose -u = 3*g - 4. Is ((-6)/(-4) - g)*38 composite?
False
Suppose -2*d = -s, -d + s = -0*s + 2. Suppose d*w = w + 21. Is w prime?
False
Let a(b) = -b**2 + 8*b - 1. Let d(z) = -z**2 + 9*z - 1. Let k(q) = 7*a(q) - 6*d(q). Let r be k(2). Is (1 + -4)*7*r composite?
True
Let s be 696/(-6)*(-1)/(-2). Let i = 103 - s. Is i a composite number?
True
Suppose -2*f - f + c + 10791 = 0, 0 = f - 5*c - 3611. Let q be f/52 + 2/(-13). Suppose -2*v - 2*z = -37 + 7, -3*v + q = -3*z. Is v prime?
True
Let g be 6/12 + (-6)/(-4). Suppose g*o - 844 = -2*o. Is o a prime number?
True
Suppose t = -1 - 10. Suppose 7*j - 75 = 4*j. Let c = j + t. Is c a prime number?
False
Let f be -1*(-3 + 5) - -6. Suppose -f*t + t = -1041. Is t composite?
False
Let p be -20*(0 + (-36)/8). Suppose 0 = 3*v - p - 147. Is v prime?
True
Is 99/2*(20/6)/5 prime?
False
Suppose 2*k + 30 - 8 = 4*t, -5 = k - 4*t. Let q = k - -26. Is q a composite number?
True
Let z be (-1 + 3)*(-87)/(-6). Is z*3 - (3 - 1) a prime number?
False
Let p = 53 + -173. Let l = -68 - p. Suppose 4*t - y - 44 = 8, 4*t - l = -5*y. Is t a prime number?
True
Suppose x + 4*x - 3095 = 0. Is x composite?
False
Is 205*2/4 - (-2)/4 composite?
False
Suppose 0 = 3*h - 0*h - 3*t - 174, 4*h - 2*t - 232 = 0. Is h composite?
True
Let p be (0 - 52/8)*-20. Suppose -3*r = 2*r + 395. Let w = r + p. Is w prime?
False
Is 21444/8 + 1/2 + 0 composite?
True
Suppose -3*f - 872 = -11*f. Suppose -v + 6 = v. Suppose v*r - 254 - f = 0. Is r prime?
False
Let h be ((-12)/16)/(1/(-4)). Is (23/h)/(1/9) a composite number?
True
Let n(d) be the third derivative of d**2 + 1/6*d**3 + 0*d + 1/20*d**5 - 3/8*d**4 + 0. Is n(6) composite?
True
Suppose -20 = 5*c, 0 = -5*m + 6*c - c + 30. Let g = m + 4. Is g a prime number?
False
Let n(s) = s**2 + 3*s + 7. Let q = 15 + -7. Is n(q) composite?
True
Let f be 2 - -159 - 2 - (-18)/6. Let w = 224 + -129. Let n = f - w. Is n a composite number?
False
Let v(q) = -q**2 - 8*q - 9. Let t be v(-7). Let m be (-6)/(-9) - t/(-3). Suppose m = -3*u + 6*u - 255. Is u composite?
True
Let q(z) = 26*z. Let h be q(-6). Let k be (3/(-2))/(9/h). Suppose -s + 3*r - k = -3*s, 2*s + 5*r - 30 = 0. Is s a composite number?
True
Is (-1)/1 - (-7 - 3637) composite?
False
Let k(t) = t - 3. Let g be k(3). Suppose g = -3*c - 279 + 990. Is c prime?
False
Suppose -4*x = -0*g + g - 145, 5*x + 452 = 3*g. Is g a prime number?
True
Let q = 5 - 4. Let p be q*-2 + -6 + 3. Is 21 - p/((-10)/(-4)) prime?
True
Suppose 2*g = -d + 49 - 6, -5*g - 3*d + 110 = 0. Suppose g = 3*n - 2*n. Is n prime?
True
Suppose 4*n = 2*u + 2*u - 20, 0 = -u - 5*n - 25. Suppose -c - c + 46 = u. Is c a prime number?
True
Let t = 268 - -685. Is t a composite number?
False
Suppose -3*t - 2*t = 55. Let b = t + 13. Suppose 625 = 3*f - b*q, -4*f = -4*q + q - 832. Is f prime?
True
Let x = -4 + 2. Let j = x - -1. Let g = j + 4. Is g prime?
True
Let n be -3*(2 - -1)/(-9). Let p be ((-131)/n - 0)*-4. Suppose 2*k - 5*x - 246 = 0, 4*k + x - 3*x = p. Is k a composite number?
True
Let l(v) = -v**2 - 5*v + 2. Let u be l(-5). Suppose 0 = -4*q + 6*q + u. Is q/(2 + (-861)/429) a prime number?
False
Suppose 5*k + 5*s = 10, -3*s - 8 + 0 = -4*k. Suppose 0 = -3*i - 1 - k. Let r(h) = -6*h**3 + h**2 + 2*h + 1. Is r(i) a prime number?
False
Suppose 0 = -6*n + 4*n + 8. Let f(y) = y**2 - 5*y - 1. Let i be f(n). Is 3144/40 + (-2)/i prime?
True
Is 840 + (4/16)/(1/(-4)) composite?
False
Let m(k) = 36*k + 7. Is m(6) a prime number?
True
Let c(h) = 8*h - 3. Let p(o) be the fi